Suppose -25 = -5*p, -s + 1347 = -0*s + 2*p. What are the prime factors of s?
7, 191
Let z = -3126 + 8141. List the prime factors of z.
5, 17, 59
List the prime factors of (200/(-5))/(-5) - 305075/(-25).
12211
Let l(b) = b**3 + 17*b**2 + 29*b - 12. Let a be l(-15). Suppose 350 = g + 20. Suppose -a*c + g = 2*c. What are the prime factors of c?
2, 3, 11
Let n(d) = 3*d - 36. Let l be n(11). Let q be -1*(-1)/1*l/1. What are the prime factors of 70/q*2/(8/(-6))?
5, 7
Suppose f + 20 = -3*f, 4*o + 15 = f. Let c be -5 - -69 - 12/3. What are the prime factors of (156/o)/((-9)/c)?
2, 13
Let p be 50*(3 + 2)/(-10). Let m = p + -17. What are the prime factors of (m/8)/((-30)/160)?
2, 7
Let b(z) = 2*z**3 - 12*z**2 - 26*z - 14. Suppose 0 = 2*y + 5*h - 30, y = -0*y + 5*h. List the prime factors of b(y).
2, 263
Let k = -13321 + 23264. What are the prime factors of k?
61, 163
List the prime factors of -62 + 47885 + (-8 - 0/(-5)).
5, 73, 131
Suppose p = -5*a - 28, 4*a + 30 + 18 = -4*p. List the prime factors of (-1993)/(-2) + (-12)/p.
2, 499
Suppose 13*z = -4*a + 9*z + 25584, 2*a = -z + 12792. List the prime factors of a.
2, 3, 13, 41
Let g(y) = 274*y**2 + 46 + 48*y**2 - 48. What are the prime factors of g(-1)?
2, 5
Let y = 6710 - -5844. What are the prime factors of y?
2, 6277
List the prime factors of -5458*((-12)/(-90) + ((-1880)/75)/8).
2, 3, 2729
Let d(z) be the second derivative of -z**5/20 + z**3/6 + 73*z**2/2 + 94*z. Suppose -5*n + n - 2*b = 6, 5*b = -4*n - 15. What are the prime factors of d(n)?
73
Suppose 2*d = 2*d - 11*d + 179443. List the prime factors of d.
11, 1483
Let l(p) be the second derivative of -35*p + 0 + 2/3*p**3 + 3/20*p**5 - 5/12*p**4 - 5/2*p**2. List the prime factors of l(3).
43
Suppose u = 23*z - 18*z - 25, -25 = -5*z + 5*u. Suppose 0 = 4*q - 4, -q - q - 4068 = -z*c. List the prime factors of c.
2, 11, 37
Let i = 285906 + -197073. List the prime factors of i.
3, 29611
List the prime factors of (-1)/(-5) + 1014277/115.
2, 3, 5, 7
Suppose -12*y + 9*y + 495 = 0. Suppose -309 = -2*j + y. List the prime factors of j.
3, 79
Let v = 2 + 0. Suppose n - 3*t - 5 = 0, 3*t + 2 = v*n - 2. Let y(u) = -27*u**3 + u**2 + 2*u + 1. What are the prime factors of y(n)?
3
Suppose 2*g = 10, 2*i - 5*i - 5*g = -37. Suppose -5*z + 25 = -0*z. Suppose 0*f - i*f = 4*k - 496, 130 = f - z*k. List the prime factors of f.
5
Suppose -4*n + 65409 = 3*s, 3*s - 15049 = n + 50375. What are the prime factors of s?
3, 2423
Let m(g) = 17*g + 692. Let n be m(-40). Let c(l) = 25 - 5*l**2 + 13*l + 3*l**2 + l**3 - 11*l**2. List the prime factors of c(n).
37
Suppose -s + 8 = -12. Suppose -2*u + 84 = -s. Suppose u = 9*x - 47. List the prime factors of x.
11
Let p = 74604 - 40639. What are the prime factors of p?
5, 6793
Suppose -4*v + 2*c + 12421 = -33595, 4*v - 45992 = -4*c. List the prime factors of v.
2, 3, 71
Let l(g) be the first derivative of 13*g**2/2 + 142*g + 33. What are the prime factors of l(31)?
5, 109
Let t = 63275 + -24391. List the prime factors of t.
2, 9721
Let y be (-4)/10 - (0 - 5616/15). Let i = y + 6. What are the prime factors of i?
2, 5, 19
Let q(y) = -y + 2. Let l be q(-25). Let z(s) = 2*s**2 - 27*s - 76. List the prime factors of z(l).
653
What are the prime factors of (-1099)/628 + 45771/4?
17, 673
Let n(r) = r**2 - 28*r + 6. Suppose -60 = -2*w - 2*w. Let f be n(w). Let p = f - -371. What are the prime factors of p?
2, 7, 13
Let a(h) = -3*h - 12. Let m be a(-4). Let f be (m/(2/1))/1. Suppose -7*z = -3*n - 3*z + 205, 5*z - 10 = f. What are the prime factors of n?
71
Suppose 0 = 11*y - 4*y - 210. Suppose -236 - y = -7*h. Suppose h*t - 37*t = 112. List the prime factors of t.
2, 7
List the prime factors of 12/(-210) - (8 - 5590216/280).
7, 2851
Let d be 5015/35 - ((-36)/21 + 2). Let n = -99 + d. Suppose o + 44 = 3*o + 5*b, 2*o + 3*b = n. List the prime factors of o.
2, 11
List the prime factors of 2201 - (3 + 1)/(1/2).
3, 17, 43
Suppose 70*s = b + 72*s - 14, s = -5*b + 97. What are the prime factors of b?
2, 5
Suppose v - h = 10, 0 = -3*v + 21*h - 20*h + 20. What are the prime factors of 2/v + (-8392)/(-20) + -1?
419
Suppose 16*h - 25155 = 14*h + v, -v = -5*h + 62886. What are the prime factors of h?
12577
Let k = -1358 + 4191. What are the prime factors of k?
2833
Suppose 65*i - 36*i = 40*i - 12881. List the prime factors of i.
1171
Let b(c) be the first derivative of -41*c**2 + 119*c + 326. What are the prime factors of b(-20)?
1759
Let c(x) = x**2. Let w be 3 - (12/24 + (-7)/(-2)). Let h be c(w). What are the prime factors of (h - -1) + 97 - 1?
2, 7
Let i(n) = -206*n + 8. Suppose -2*m = m - f + 7, 2*f = 2*m + 2. What are the prime factors of i(m)?
2, 313
Let r = 31432 + -16131. What are the prime factors of r?
11, 13, 107
List the prime factors of (-225)/(-30)*(-95)/(-3)*24.
2, 3, 5, 19
Suppose 119*d = 123*d - 3232. Suppose s - 2*s + 206 = p, 0 = 4*p - 4*s - d. What are the prime factors of p?
2, 3, 17
Let b(z) = -265*z - 56. What are the prime factors of b(-8)?
2, 3, 43
Let s be 34 + (7 - 4)*1. Let x be 3*-6 + (-15)/(0 + -3). Let f = s - x. List the prime factors of f.
2, 5
Let k be -9*3/(-7 + 4). Suppose 0 = 2*h - h + b - 1, -b + k = 3*h. What are the prime factors of 80*(3 + (-9)/h)?
2, 3, 5
Let k(z) = 9198*z - 1784. List the prime factors of k(2).
2, 4153
Suppose -4*t + 8*t - 3*j - 1399 = 0, -5*t + 1705 = 5*j. Let b(d) = -10*d**2 + 7*d - 6. Let h be b(5). Let i = t + h. List the prime factors of i.
5
Let x be 3/(-21) - 100/(-56)*116. Let f = x + 737. What are the prime factors of f?
2, 59
Let m(y) = -y**2 + 12*y - 22. Let f be m(9). Suppose -3 = -3*p - f*c, 0*c = -p + 5*c + 21. Suppose -u - p*u + 749 = 0. List the prime factors of u.
107
Suppose 15110080 = 747*s - 29924309. List the prime factors of s.
19, 167
Let l = -83 - -112. Let n = 113 + l. List the prime factors of n.
2, 71
Let d = 7268 + 1226. List the prime factors of d.
2, 31, 137
Suppose -n + 16781 = 2*p - 10253, -3*p = -n - 40566. List the prime factors of p.
2, 5, 13
Let d = -29728 + 51119. What are the prime factors of d?
21391
Let n(l) = l**2 - 16*l - 132. Let h be n(-6). Suppose h = 7*j - 3013 + 941. What are the prime factors of j?
2, 37
Suppose 20 + 0 = 5*m, -4*m = 3*p - 17956. What are the prime factors of p?
2, 5, 13, 23
Suppose 2438*x - 46332 = 2427*x. What are the prime factors of x?
2, 3, 13
Suppose -2*u = 5*m - 21, -5*m = -3*u + u + 11. Let r(k) = 7*k**2 - 8*k - 2. What are the prime factors of r(u)?
2, 191
List the prime factors of (204/(-24))/(8 + (-398250)/49780).
17, 19, 131
Let q be ((-12)/16)/(-2 + 1805/900). Let l = q + 212. What are the prime factors of l?
7, 11
Let v = 2146 + -1149. List the prime factors of (-2 + v)*(0 - -1).
5, 199
Suppose 0*a + a = -49. Let j be a/(-35) + 2 - (-3)/5. List the prime factors of (90 - 2/2) + j + -1.
2, 23
Let t = 241 + -206. List the prime factors of 790*((-252)/t)/(-6).
2, 3, 79
Suppose -s + 4 = -99. Suppose -1116 = -4*i - 4*p, 3*i + 5*p - s - 744 = 0. List the prime factors of i.
2, 137
Suppose 0 = -48*a + 124242 + 158812 - 29614. List the prime factors of a.
2, 3, 5, 11
Let u be 1/3 - 14/(-3). Suppose 440 = j + i, 8*j - 1759 = 4*j - u*i. What are the prime factors of j?
3, 7
Let a = -267 - -278. Let s(j) = -3*j**2 - 4*j + 11. Let x(r) = 4*r**2 + 4*r - 11. Let i(l) = 6*s(l) + 5*x(l). List the prime factors of i(a).
11, 19
Let q = -1656 + 12939. List the prime factors of q.
3, 3761
Suppose -5*p - 2*r + 1438 = 0, -2*p - 2*p = -2*r - 1136. Let h = p + -141. What are the prime factors of h?
5, 29
Suppose 4*z + 5*t = 6 + 5, -15 = -3*z + 3*t. Suppose -z*k + 5*b = 4*b - 6840, 2*b + 3414 = 2*k. List the prime factors of k.
29, 59
Let c(x) = -x**3 - 28*x**2 + 30*x - 30. List the prime factors of c(-32).
2, 1553
List the prime factors of ((-27)/(-21))/(24/86408).
3, 1543
Suppose 3 = 3*f - 3. Suppose f*x = -3*x - 380. Let n = x + 174. List the prime factors of n.
2, 7
Let p(h) = -654*h**3 - 2*h**2 - 81*h - 229. List the prime factors of p(-3).
2, 7, 13, 97
Let d(l) = -46*l + 2. Let s be d(9). Let z = s + 657. What are the prime factors of z?
5, 7
List the prime factors of ((-10139004)/(-8568))/(1/14).
16567
Suppose -4*o + 1 = k, 9*k = -5*o + 8*k + 2. List the prime factors of (-1)/((-20)/(-13580)*o*-1).
7, 97
Let x be ((-8)/40 - 1)*(-100)/